.
2, 5, 89, 199
What are the prime factors of 86073?
3, 13, 2207
List the prime factors of 2979815.
5, 595963
List the prime factors of 259639.
259639
List the prime factors of 860489.
7, 17, 1033
What are the prime factors of 4099027?
4099027
What are the prime factors of 2012321?
41, 49081
What are the prime factors of 29886290?
2, 5, 7, 43, 9929
What are the prime factors of 22715334?
2, 3, 1261963
List the prime factors of 15262597.
7, 2180371
List the prime factors of 280300.
2, 5, 2803
What are the prime factors of 1398388?
2, 73, 4789
What are the prime factors of 3597966?
2, 3, 66629
What are the prime factors of 706485?
3, 5, 13, 3623
What are the prime factors of 589667?
13, 67, 677
What are the prime factors of 10196576?
2, 13, 127, 193
List the prime factors of 19872735.
3, 5, 1324849
List the prime factors of 5822166.
2, 3, 7, 67, 2069
What are the prime factors of 81782?
2, 103, 397
List the prime factors of 266428.
2, 43, 1549
What are the prime factors of 2525517?
3, 280613
List the prime factors of 244631.
223, 1097
List the prime factors of 749058.
2, 3, 131, 953
List the prime factors of 617207.
29, 21283
What are the prime factors of 67622?
2, 33811
What are the prime factors of 4321471?
7, 11, 56123
List the prime factors of 908605.
5, 181721
What are the prime factors of 94419?
3, 13, 269
What are the prime factors of 902437?
902437
What are the prime factors of 1932742?
2, 7, 138053
What are the prime factors of 1103064?
2, 3, 19, 41, 59
What are the prime factors of 2501107?
7, 51043
What are the prime factors of 36022070?
2, 5, 7, 347, 1483
What are the prime factors of 70895?
5, 11, 1289
List the prime factors of 255384.
2, 3, 3547
List the prime factors of 200440.
2, 5, 5011
What are the prime factors of 6069382?
2, 11, 275881
What are the prime factors of 6379?
6379
What are the prime factors of 537530?
2, 5, 7, 1097
List the prime factors of 2452697.
13, 23, 631
What are the prime factors of 1181419?
821, 1439
List the prime factors of 279271.
193, 1447
What are the prime factors of 6339676?
2, 7, 257, 881
What are the prime factors of 10128543?
3, 3376181
What are the prime factors of 156373?
7, 89, 251
What are the prime factors of 17416130?
2, 5, 1741613
What are the prime factors of 1005447?
3, 335149
What are the prime factors of 5757239?
5757239
What are the prime factors of 286052?
2, 13, 5501
List the prime factors of 1655250.
2, 3, 5, 2207
List the prime factors of 13321468.
2, 1361, 2447
What are the prime factors of 1097106?
2, 3, 182851
List the prime factors of 8671895.
5, 157, 11047
List the prime factors of 186950.
2, 5, 3739
What are the prime factors of 487969?
197, 2477
List the prime factors of 13516545.
3, 5, 7, 109, 1181
List the prime factors of 3954036.
2, 3, 329503
What are the prime factors of 4670777?
239, 19543
List the prime factors of 10801860.
2, 3, 5, 41, 4391
List the prime factors of 1787480.
2, 5, 44687
What are the prime factors of 626051?
626051
What are the prime factors of 11123252?
2, 7, 397259
List the prime factors of 87631.
87631
What are the prime factors of 2772660?
2, 3, 5, 11, 4201
List the prime factors of 4360396.
2, 1090099
What are the prime factors of 27818?
2, 7, 1987
What are the prime factors of 5008561?
29, 172709
What are the prime factors of 518987?
7, 151, 491
List the prime factors of 131571.
3, 11, 443
What are the prime factors of 24475144?
2, 3059393
List the prime factors of 967714.
2, 11, 43987
What are the prime factors of 17449596?
2, 3, 47, 10313
List the prime factors of 23394745.
5, 11, 38669
What are the prime factors of 1686446?
2, 73, 11551
List the prime factors of 370548.
2, 3, 47, 73
List the prime factors of 919586.
2, 23, 19991
What are the prime factors of 342543?
3, 227, 503
What are the prime factors of 2551738?
2, 7, 19, 53, 181
List the prime factors of 37346297.
17, 2196841
What are the prime factors of 75031?
11, 19, 359
List the prime factors of 325175.
5, 13007
What are the prime factors of 14509319?
11, 67, 19687
List the prime factors of 8365924.
2, 7, 509, 587
List the prime factors of 1781075.
5, 191, 373
What are the prime factors of 1914282?
2, 3, 106349
List the prime factors of 1691031.
3, 733, 769
What are the prime factors of 20945234?
2, 929, 11273
What are the prime factors of 5959252?
2, 13, 114601
What are the prime factors of 425077?
71, 5987
What are the prime factors of 3555825?
3, 5, 7, 13, 521
List the prime factors of 1218158.
2, 609079
List the prime factors of 16165939.
223, 72493
What are the prime factors of 581403?
3, 43, 4507
List the prime factors of 54639.
3, 13, 467
What are the prime factors of 701456?
2, 7, 6263
List the prime factors of 1629583.
1629583
List the prime factors of 45238794.
2, 3, 7539799
What are the prime factors of 8250467?
2777, 2971
List the prime factors of 11313049.
11, 137, 7507
What are the prime factors of 458133?
3, 13, 17, 691
List the prime factors of 16020251.
13, 1232327
What are the prime factors of 2455388?
2, 13, 23, 2053
What are the prime factors of 17785585?
5, 3557117
What are the prime factors of 10219415?
5, 521, 3923
List the prime factors of 189491.
189491
What are the prime factors of 5514957?
3, 7, 87539
List the prime factors of 2083980.
2, 3, 5, 47, 739
What are the prime factors of 3032760?
2, 3, 5, 127, 199
List the prime factors of 139623.
3, 11, 4231
What are the prime factors of 219354?
2, 3, 36559
List the prime factors of 4326735.
3, 5, 7, 89, 463
What are the prime factors of 711536?
2, 7, 6353
List the prime factors of 429606.
2, 3, 29, 823
What are the prime factors of 424785?
3, 5, 28319
What are the prime factors of 42046?
2, 21023
List the prime factors of 638850.
2, 3, 5, 4259
List the prime factors of 2462920.
2, 5, 67, 919
List the prime factors of 139861.
139861
What are the prime factors of 17301348?
2, 3, 31, 37, 419
What are the prime factors of 5433763?
5433763
List the prime factors of 5712865.
5, 1142573
List the prime factors of 100574.
2, 50287
List the prime factors of 32177271.
3, 7, 71, 3083
What are the prime factors of 232538?
2, 116269
What are the prime factors of 21169?
21169
List the prime factors of 1304809.
11, 118619
List the prime factors of 982497.
3, 327499
What are the prime factors of 4141239?
3, 859, 1607
List the prime factors of 20973733.
11, 17, 59, 1901
What are the prime factors of 645383?
645383
What are the prime factors of 496049?
293, 1693
What are the prime factors of 7799039?
17, 43, 47, 227
List the prime factors of 2558342.
2, 1279171
List the prime factors of 87573.
3, 29191
What are the prime factors of 13610000?
2, 5, 1361
What are the prime factors of 15541?
15541
List the prime factors of 202719.
3, 11, 6143
List the prime factors of 448989.
3, 19, 7877
What are the prime factors of 6412343?
7, 916049
What are the prime factors of 244292?
2, 157, 389
What are the prime factors of 26147026?
2, 13073513
What are the prime factors of 349157?
101, 3457
What are the prime factors of 493492?
2, 123373
What are the prime factors of 39910?
2, 5, 13, 307
List the prime factors of 1897218.
2, 3, 105401
List the prime factors of 407147.
13, 31319
List the prime factors of 8891011.
89, 283, 353
What are the prime factors of 329739?
3, 109913
What are the prime factors of 83865?
3, 5, 5591
What are the prime factors of 3412930?
2, 5, 341293
What are the prime factors of 4842466?
2, 23, 199
List the prime factors of 696981.
3, 379, 613
List the prime factors of 1522258.
2, 761129
List the prime factors of 80018.
2, 40009
What are the prime factors of 266508?
2, 3, 11, 673
List the prime factors of 21945481.
21945481
What are the prime factors of 448953?
3, 17, 8803
What are the prime factors of 568844?
2, 142211
What are the prime factors of 86707?
31, 2797
List the prime factors of 623816.
2, 77977
List the prime factors of 827055.
3, 5, 18379
What are the prime factors of 1763798?
2, 881899
List the prime factors of 758996.
2, 7, 27107
What are the prime factors of 7127493?
3, 23, 53, 1949
What are the prime factors of 10987892?
2, 2746973
What are the prime factors of 2826524?
2, 706631
What are the prime factors of 921993?
3, 59, 5209
List the prime factors of 327441.
3, 109147
List the prime factors 